[INFO] fetching crate water 0.16.45-alpha...
[INFO] building water-0.16.45-alpha against master#ff34b919075f35a1787659e9c448a34b06bab8de for issue-85264
[INFO] extracting crate water 0.16.45-alpha into /workspace/builds/worker-4/source
[INFO] validating manifest of crates.io crate water 0.16.45-alpha on toolchain ff34b919075f35a1787659e9c448a34b06bab8de
[INFO] running `Command { std: "/workspace/cargo-home/bin/cargo" "+ff34b919075f35a1787659e9c448a34b06bab8de" "metadata" "--manifest-path" "Cargo.toml" "--no-deps", kill_on_drop: false }`
[INFO] started tweaking crates.io crate water 0.16.45-alpha
[INFO] finished tweaking crates.io crate water 0.16.45-alpha
[INFO] tweaked toml for crates.io crate water 0.16.45-alpha written to /workspace/builds/worker-4/source/Cargo.toml
[INFO] running `Command { std: "/workspace/cargo-home/bin/cargo" "+ff34b919075f35a1787659e9c448a34b06bab8de" "generate-lockfile" "--manifest-path" "Cargo.toml" "-Zno-index-update", kill_on_drop: false }`
[INFO] running `Command { std: "/workspace/cargo-home/bin/cargo" "+ff34b919075f35a1787659e9c448a34b06bab8de" "fetch" "--manifest-path" "Cargo.toml", kill_on_drop: false }`
[INFO] [stderr] warning: dependency (time) specified without providing a local path, Git repository, or version to use. This will be considered an error in future versions
[INFO] [stderr]     Blocking waiting for file lock on package cache
[INFO] running `Command { std: "docker" "create" "-v" "/var/lib/crater-agent-workspace/builds/worker-4/target:/opt/rustwide/target:rw,Z" "-v" "/var/lib/crater-agent-workspace/builds/worker-4/source:/opt/rustwide/workdir:ro,Z" "-v" "/var/lib/crater-agent-workspace/cargo-home:/opt/rustwide/cargo-home:ro,Z" "-v" "/var/lib/crater-agent-workspace/rustup-home:/opt/rustwide/rustup-home:ro,Z" "-e" "SOURCE_DIR=/opt/rustwide/workdir" "-e" "CARGO_TARGET_DIR=/opt/rustwide/target" "-e" "CARGO_HOME=/opt/rustwide/cargo-home" "-e" "RUSTUP_HOME=/opt/rustwide/rustup-home" "-w" "/opt/rustwide/workdir" "-m" "1610612736" "--user" "0:0" "--network" "none" "ghcr.io/rust-lang/crates-build-env/linux@sha256:20528e8c29e4536546f0102ce88568b16ea7538393a33fcca951030f7af10457" "/opt/rustwide/cargo-home/bin/cargo" "+ff34b919075f35a1787659e9c448a34b06bab8de" "metadata" "--no-deps" "--format-version=1", kill_on_drop: false }`
[INFO] [stdout] bc5e393a6aa5a56e50fa39ac5ca4725f249e1798aebe9468df121a224ae9742f
[INFO] [stderr] WARNING: Your kernel does not support swap limit capabilities or the cgroup is not mounted. Memory limited without swap.
[INFO] running `Command { std: "docker" "start" "-a" "bc5e393a6aa5a56e50fa39ac5ca4725f249e1798aebe9468df121a224ae9742f", kill_on_drop: false }`
[INFO] running `Command { std: "docker" "inspect" "bc5e393a6aa5a56e50fa39ac5ca4725f249e1798aebe9468df121a224ae9742f", kill_on_drop: false }`
[INFO] running `Command { std: "docker" "rm" "-f" "bc5e393a6aa5a56e50fa39ac5ca4725f249e1798aebe9468df121a224ae9742f", kill_on_drop: false }`
[INFO] [stdout] bc5e393a6aa5a56e50fa39ac5ca4725f249e1798aebe9468df121a224ae9742f
[INFO] running `Command { std: "docker" "create" "-v" "/var/lib/crater-agent-workspace/builds/worker-4/target:/opt/rustwide/target:rw,Z" "-v" "/var/lib/crater-agent-workspace/builds/worker-4/source:/opt/rustwide/workdir:ro,Z" "-v" "/var/lib/crater-agent-workspace/cargo-home:/opt/rustwide/cargo-home:ro,Z" "-v" "/var/lib/crater-agent-workspace/rustup-home:/opt/rustwide/rustup-home:ro,Z" "-e" "SOURCE_DIR=/opt/rustwide/workdir" "-e" "CARGO_TARGET_DIR=/opt/rustwide/target" "-e" "CARGO_INCREMENTAL=0" "-e" "RUST_BACKTRACE=full" "-e" "RUSTFLAGS=--cap-lints=forbid" "-e" "CARGO_HOME=/opt/rustwide/cargo-home" "-e" "RUSTUP_HOME=/opt/rustwide/rustup-home" "-w" "/opt/rustwide/workdir" "-m" "1610612736" "--user" "0:0" "--network" "none" "ghcr.io/rust-lang/crates-build-env/linux@sha256:20528e8c29e4536546f0102ce88568b16ea7538393a33fcca951030f7af10457" "/opt/rustwide/cargo-home/bin/cargo" "+ff34b919075f35a1787659e9c448a34b06bab8de" "build" "--frozen" "--message-format=json", kill_on_drop: false }`
[INFO] [stdout] 8d34169a0928813460e402ac46c6444d7b7bcdc127f1ccab4c78ac6e736fb4a9
[INFO] [stderr] WARNING: Your kernel does not support swap limit capabilities or the cgroup is not mounted. Memory limited without swap.
[INFO] running `Command { std: "docker" "start" "-a" "8d34169a0928813460e402ac46c6444d7b7bcdc127f1ccab4c78ac6e736fb4a9", kill_on_drop: false }`
[INFO] [stderr] warning: dependency (time) specified without providing a local path, Git repository, or version to use. This will be considered an error in future versions
[INFO] [stderr]    Compiling version_check v0.9.3
[INFO] [stderr]    Compiling const_fn v0.4.8
[INFO] [stderr]    Compiling standback v0.3.2
[INFO] [stderr]    Compiling time v0.3.0-alpha-1
[INFO] [stderr]    Compiling water v0.16.45-alpha (/opt/rustwide/workdir)
[INFO] [stdout] warning: unknown lint: `unstable`
[INFO] [stdout]  --> src/lib.rs:2:10
[INFO] [stdout]   |
[INFO] [stdout] 2 | #![allow(unstable)]
[INFO] [stdout]   |          ^^^^^^^^
[INFO] [stdout]   |
[INFO] [stdout]   = note: `#[warn(unknown_lints)]` on by default
[INFO] [stdout] 
[INFO] [stdout] 
[INFO] [stdout] error: invalid suffix `us` for number literal
[INFO] [stdout]    --> src/net.rs:213:24
[INFO] [stdout]     |
[INFO] [stdout] 213 |         let mut ocnt = 0us;
[INFO] [stdout]     |                        ^^^ invalid suffix `us`
[INFO] [stdout]     |
[INFO] [stdout]     = help: the suffix must be one of the numeric types (`u32`, `isize`, `f32`, etc.)
[INFO] [stdout] 
[INFO] [stdout] 
[INFO] [stdout] error: invalid suffix `us` for number literal
[INFO] [stdout]    --> src/net.rs:277:23
[INFO] [stdout]     |
[INFO] [stdout] 277 |         let mut ndx = 0us;
[INFO] [stdout]     |                       ^^^ invalid suffix `us`
[INFO] [stdout]     |
[INFO] [stdout]     = help: the suffix must be one of the numeric types (`u32`, `isize`, `f32`, etc.)
[INFO] [stdout] 
[INFO] [stdout] 
[INFO] [stdout] error: invalid suffix `us` for number literal
[INFO] [stdout]    --> src/net.rs:279:24
[INFO] [stdout]     |
[INFO] [stdout] 279 |         for i in range(0us, endpoints.len()) {
[INFO] [stdout]     |                        ^^^ invalid suffix `us`
[INFO] [stdout]     |
[INFO] [stdout]     = help: the suffix must be one of the numeric types (`u32`, `isize`, `f32`, etc.)
[INFO] [stdout] 
[INFO] [stdout] 
[INFO] [stdout] error: invalid suffix `us` for number literal
[INFO] [stdout]   --> src/queue.rs:31:26
[INFO] [stdout]    |
[INFO] [stdout] 31 |         for pos in range(0us, self.mask + 1) {
[INFO] [stdout]    |                          ^^^ invalid suffix `us`
[INFO] [stdout]    |
[INFO] [stdout]    = help: the suffix must be one of the numeric types (`u32`, `isize`, `f32`, etc.)
[INFO] [stdout] 
[INFO] [stdout] 
[INFO] [stdout] error: invalid suffix `us` for number literal
[INFO] [stdout]   --> src/queue.rs:42:24
[INFO] [stdout]    |
[INFO] [stdout] 42 |         let count = !(!0us << bsize) + 1;
[INFO] [stdout]    |                        ^^^ invalid suffix `us`
[INFO] [stdout]    |
[INFO] [stdout]    = help: the suffix must be one of the numeric types (`u32`, `isize`, `f32`, etc.)
[INFO] [stdout] 
[INFO] [stdout] 
[INFO] [stdout] error: invalid suffix `us` for number literal
[INFO] [stdout]   --> src/queue.rs:45:24
[INFO] [stdout]    |
[INFO] [stdout] 45 |             mask:   !(!0us << bsize),
[INFO] [stdout]    |                        ^^^ invalid suffix `us`
[INFO] [stdout]    |
[INFO] [stdout]    = help: the suffix must be one of the numeric types (`u32`, `isize`, `f32`, etc.)
[INFO] [stdout] 
[INFO] [stdout] 
[INFO] [stdout] error: invalid suffix `us` for number literal
[INFO] [stdout]   --> src/queue.rs:49:26
[INFO] [stdout]    |
[INFO] [stdout] 49 |         for pos in range(0us, count) { 
[INFO] [stdout]    |                          ^^^ invalid suffix `us`
[INFO] [stdout]    |
[INFO] [stdout]    = help: the suffix must be one of the numeric types (`u32`, `isize`, `f32`, etc.)
[INFO] [stdout] 
[INFO] [stdout] 
[INFO] [stdout] error: invalid suffix `us` for number literal
[INFO] [stdout]    --> src/queue.rs:116:23
[INFO] [stdout]     |
[INFO] [stdout] 116 |         let mask = !(!0us << bsize);
[INFO] [stdout]     |                       ^^^ invalid suffix `us`
[INFO] [stdout]     |
[INFO] [stdout]     = help: the suffix must be one of the numeric types (`u32`, `isize`, `f32`, etc.)
[INFO] [stdout] 
[INFO] [stdout] 
[INFO] [stdout] error: invalid suffix `us` for number literal
[INFO] [stdout]    --> src/queue.rs:126:26
[INFO] [stdout]     |
[INFO] [stdout] 126 |         for pos in range(0us, mask + 1) {
[INFO] [stdout]     |                          ^^^ invalid suffix `us`
[INFO] [stdout]     |
[INFO] [stdout]     = help: the suffix must be one of the numeric types (`u32`, `isize`, `f32`, etc.)
[INFO] [stdout] 
[INFO] [stdout] 
[INFO] [stdout] error[E0432]: unresolved import `time::get_time`
[INFO] [stdout]   --> src/lib.rs:64:9
[INFO] [stdout]    |
[INFO] [stdout] 64 | pub use time::get_time;
[INFO] [stdout]    |         ^^^^^^^^^^^^^^ no `get_time` in the root
[INFO] [stdout] 
[INFO] [stdout] 
[INFO] [stdout] error[E0432]: unresolved import `time::Timespec`
[INFO] [stdout]   --> src/lib.rs:66:9
[INFO] [stdout]    |
[INFO] [stdout] 66 | pub use time::Timespec;
[INFO] [stdout]    |         ^^^^^^^^^^^^^^ no `Timespec` in the root
[INFO] [stdout] 
[INFO] [stdout] 
[INFO] [stdout] error[E0432]: unresolved import `std::time::duration`
[INFO] [stdout]   --> src/lib.rs:67:20
[INFO] [stdout]    |
[INFO] [stdout] 67 | pub use std::time::duration::Duration;
[INFO] [stdout]    |                    ^^^^^^^^ could not find `duration` in `time`
[INFO] [stdout] 
[INFO] [stdout] 
[INFO] [stdout] error[E0432]: unresolved import `time::Timespec`
[INFO] [stdout]  --> src/timespec.rs:1:5
[INFO] [stdout]   |
[INFO] [stdout] 1 | use time::Timespec;
[INFO] [stdout]   |     ^^^^^^^^^^^^^^ no `Timespec` in the root
[INFO] [stdout] 
[INFO] [stdout] 
[INFO] [stdout] error[E0432]: unresolved import `std::sync::atomic::AtomicUint`
[INFO] [stdout]   --> src/endpoint.rs:13:5
[INFO] [stdout]    |
[INFO] [stdout] 13 | use std::sync::atomic::AtomicUint;
[INFO] [stdout]    |     ^^^^^^^^^^^^^^^^^^^----------
[INFO] [stdout]    |     |                  |
[INFO] [stdout]    |     |                  help: a similar name exists in the module: `AtomicU8`
[INFO] [stdout]    |     no `AtomicUint` in `sync::atomic`
[INFO] [stdout] 
[INFO] [stdout] 
[INFO] [stdout] error[E0432]: unresolved import `std::rt::heap`
[INFO] [stdout]   --> src/endpoint.rs:17:14
[INFO] [stdout]    |
[INFO] [stdout] 17 | use std::rt::heap::allocate;
[INFO] [stdout]    |              ^^^^ could not find `heap` in `rt`
[INFO] [stdout] 
[INFO] [stdout] 
[INFO] [stdout] error[E0432]: unresolved import `std::rt::heap`
[INFO] [stdout]   --> src/endpoint.rs:20:14
[INFO] [stdout]    |
[INFO] [stdout] 20 | use std::rt::heap::deallocate;
[INFO] [stdout]    |              ^^^^ could not find `heap` in `rt`
[INFO] [stdout] 
[INFO] [stdout] 
[INFO] [stdout] error[E0432]: unresolved import `std::time::duration`
[INFO] [stdout]   --> src/endpoint.rs:24:16
[INFO] [stdout]    |
[INFO] [stdout] 24 | use std::time::duration::Duration;
[INFO] [stdout]    |                ^^^^^^^^ could not find `duration` in `time`
[INFO] [stdout] 
[INFO] [stdout] 
[INFO] [stdout] error[E0432]: unresolved import `std::intrinsics::copy_memory`
[INFO] [stdout]   --> src/endpoint.rs:26:5
[INFO] [stdout]    |
[INFO] [stdout] 26 | use std::intrinsics::copy_memory;
[INFO] [stdout]    |     ^^^^^^^^^^^^^^^^^^^^^^^^^^^^ no `copy_memory` in `intrinsics`
[INFO] [stdout] 
[INFO] [stdout] 
[INFO] [stdout] error[E0432]: unresolved import `time::Timespec`
[INFO] [stdout]   --> src/endpoint.rs:34:5
[INFO] [stdout]    |
[INFO] [stdout] 34 | use time::Timespec;
[INFO] [stdout]    |     ^^^^^^^^^^^^^^ no `Timespec` in the root
[INFO] [stdout] 
[INFO] [stdout] 
[INFO] [stdout] error[E0432]: unresolved import `time::get_time`
[INFO] [stdout]   --> src/endpoint.rs:35:5
[INFO] [stdout]    |
[INFO] [stdout] 35 | use time::get_time;
[INFO] [stdout]    |     ^^^^^^^^^^^^^^ no `get_time` in the root
[INFO] [stdout] 
[INFO] [stdout] 
[INFO] [stdout] error[E0432]: unresolved import `std::rt::heap`
[INFO] [stdout]   --> src/net.rs:17:14
[INFO] [stdout]    |
[INFO] [stdout] 17 | use std::rt::heap::allocate;
[INFO] [stdout]    |              ^^^^ could not find `heap` in `rt`
[INFO] [stdout] 
[INFO] [stdout] 
[INFO] [stdout] error[E0432]: unresolved import `std::rt::heap`
[INFO] [stdout]   --> src/net.rs:18:14
[INFO] [stdout]    |
[INFO] [stdout] 18 | use std::rt::heap::deallocate;
[INFO] [stdout]    |              ^^^^ could not find `heap` in `rt`
[INFO] [stdout] 
[INFO] [stdout] 
[INFO] [stdout] error[E0432]: unresolved import `std::intrinsics::copy_memory`
[INFO] [stdout]   --> src/net.rs:21:5
[INFO] [stdout]    |
[INFO] [stdout] 21 | use std::intrinsics::copy_memory;
[INFO] [stdout]    |     ^^^^^^^^^^^^^^^^^^^^^^^^^^^^ no `copy_memory` in `intrinsics`
[INFO] [stdout] 
[INFO] [stdout] 
[INFO] [stdout] error[E0432]: unresolved import `std::io::timer`
[INFO] [stdout]   --> src/net.rs:23:14
[INFO] [stdout]    |
[INFO] [stdout] 23 | use std::io::timer::sleep;
[INFO] [stdout]    |              ^^^^^ could not find `timer` in `io`
[INFO] [stdout] 
[INFO] [stdout] 
[INFO] [stdout] error[E0432]: unresolved import `std::time::duration`
[INFO] [stdout]   --> src/net.rs:24:16
[INFO] [stdout]    |
[INFO] [stdout] 24 | use std::time::duration::Duration;
[INFO] [stdout]    |                ^^^^^^^^ could not find `duration` in `time`
[INFO] [stdout] 
[INFO] [stdout] 
[INFO] [stdout] error[E0432]: unresolved import `std::rt::heap`
[INFO] [stdout]  --> src/rawmessage.rs:1:14
[INFO] [stdout]   |
[INFO] [stdout] 1 | use std::rt::heap::allocate;
[INFO] [stdout]   |              ^^^^ could not find `heap` in `rt`
[INFO] [stdout] 
[INFO] [stdout] 
[INFO] [stdout] error[E0432]: unresolved import `std::rt::heap`
[INFO] [stdout]  --> src/rawmessage.rs:2:14
[INFO] [stdout]   |
[INFO] [stdout] 2 | use std::rt::heap::deallocate;
[INFO] [stdout]   |              ^^^^ could not find `heap` in `rt`
[INFO] [stdout] 
[INFO] [stdout] 
[INFO] [stdout] error[E0432]: unresolved import `std::intrinsics::copy_memory`
[INFO] [stdout]  --> src/rawmessage.rs:9:5
[INFO] [stdout]   |
[INFO] [stdout] 9 | use std::intrinsics::copy_memory;
[INFO] [stdout]   |     ^^^^^^^^^^^^^^^^^^^^^^^^^^^^ no `copy_memory` in `intrinsics`
[INFO] [stdout] 
[INFO] [stdout] 
[INFO] [stdout] error[E0432]: unresolved import `std::sync::StaticMutex`
[INFO] [stdout]   --> src/rawmessage.rs:12:5
[INFO] [stdout]    |
[INFO] [stdout] 12 | use std::sync::StaticMutex;
[INFO] [stdout]    |     ^^^^^^^^^^^^^^^^^^^^^^ no `StaticMutex` in `sync`
[INFO] [stdout] 
[INFO] [stdout] 
[INFO] [stdout] error[E0432]: unresolved import `std::sync::MUTEX_INIT`
[INFO] [stdout]   --> src/rawmessage.rs:13:5
[INFO] [stdout]    |
[INFO] [stdout] 13 | use std::sync::MUTEX_INIT;
[INFO] [stdout]    |     ^^^^^^^^^^^^^^^^^^^^^ no `MUTEX_INIT` in `sync`
[INFO] [stdout] 
[INFO] [stdout] 
[INFO] [stdout] error[E0432]: unresolved import `std::io::TcpStream`
[INFO] [stdout]   --> src/tcp/mod.rs:13:5
[INFO] [stdout]    |
[INFO] [stdout] 13 | use std::io::TcpStream;
[INFO] [stdout]    |     ^^^^^^^^^^^^^^^^^^ no `TcpStream` in `io`
[INFO] [stdout] 
[INFO] [stdout] 
[INFO] [stdout] error[E0432]: unresolved import `time::Timespec`
[INFO] [stdout]   --> src/tcp/mod.rs:19:5
[INFO] [stdout]    |
[INFO] [stdout] 19 | use time::Timespec;
[INFO] [stdout]    |     ^^^^^^^^^^^^^^ no `Timespec` in the root
[INFO] [stdout] 
[INFO] [stdout] 
[INFO] [stdout] error[E0432]: unresolved import `std::io::IoError`
[INFO] [stdout]  --> src/tcp/listener.rs:5:5
[INFO] [stdout]   |
[INFO] [stdout] 5 | use std::io::IoError;
[INFO] [stdout]   |     ^^^^^^^^^-------
[INFO] [stdout]   |     |        |
[INFO] [stdout]   |     |        help: a similar name exists in the module: `Error`
[INFO] [stdout]   |     no `IoError` in `io`
[INFO] [stdout] 
[INFO] [stdout] 
[INFO] [stdout] error[E0433]: failed to resolve: could not find `net` in `io`
[INFO] [stdout]  --> src/tcp/listener.rs:9:14
[INFO] [stdout]   |
[INFO] [stdout] 9 | use std::io::net::tcp::TcpAcceptor;
[INFO] [stdout]   |              ^^^ could not find `net` in `io`
[INFO] [stdout] 
[INFO] [stdout] 
[INFO] [stdout] error[E0432]: unresolved imports `std::io::TcpListener`, `std::io::TcpStream`, `std::io::Listener`, `std::io::Acceptor`
[INFO] [stdout]  --> src/tcp/listener.rs:8:15
[INFO] [stdout]   |
[INFO] [stdout] 8 | use std::io::{TcpListener, TcpStream, Listener, Acceptor};
[INFO] [stdout]   |               ^^^^^^^^^^^  ^^^^^^^^^  ^^^^^^^^  ^^^^^^^^ no `Acceptor` in `io`
[INFO] [stdout]   |               |            |          |
[INFO] [stdout]   |               |            |          no `Listener` in `io`
[INFO] [stdout]   |               |            no `TcpStream` in `io`
[INFO] [stdout]   |               no `TcpListener` in `io`
[INFO] [stdout] 
[INFO] [stdout] 
[INFO] [stdout] error[E0432]: unresolved import `time::Timespec`
[INFO] [stdout]   --> src/tcp/listener.rs:12:5
[INFO] [stdout]    |
[INFO] [stdout] 12 | use time::Timespec;
[INFO] [stdout]    |     ^^^^^^^^^^^^^^ no `Timespec` in the root
[INFO] [stdout] 
[INFO] [stdout] 
[INFO] [stdout] error[E0432]: unresolved import `std::io::IoError`
[INFO] [stdout]  --> src/tcp/connector.rs:5:5
[INFO] [stdout]   |
[INFO] [stdout] 5 | use std::io::IoError;
[INFO] [stdout]   |     ^^^^^^^^^-------
[INFO] [stdout]   |     |        |
[INFO] [stdout]   |     |        help: a similar name exists in the module: `Error`
[INFO] [stdout]   |     no `IoError` in `io`
[INFO] [stdout] 
[INFO] [stdout] 
[INFO] [stdout] error[E0433]: failed to resolve: could not find `net` in `io`
[INFO] [stdout]  --> src/tcp/connector.rs:9:14
[INFO] [stdout]   |
[INFO] [stdout] 9 | use std::io::net::tcp::TcpAcceptor;
[INFO] [stdout]   |              ^^^ could not find `net` in `io`
[INFO] [stdout] 
[INFO] [stdout] 
[INFO] [stdout] error[E0432]: unresolved imports `std::io::TcpListener`, `std::io::TcpStream`, `std::io::Listener`, `std::io::Acceptor`
[INFO] [stdout]  --> src/tcp/connector.rs:8:15
[INFO] [stdout]   |
[INFO] [stdout] 8 | use std::io::{TcpListener, TcpStream, Listener, Acceptor};
[INFO] [stdout]   |               ^^^^^^^^^^^  ^^^^^^^^^  ^^^^^^^^  ^^^^^^^^ no `Acceptor` in `io`
[INFO] [stdout]   |               |            |          |
[INFO] [stdout]   |               |            |          no `Listener` in `io`
[INFO] [stdout]   |               |            no `TcpStream` in `io`
[INFO] [stdout]   |               no `TcpListener` in `io`
[INFO] [stdout] 
[INFO] [stdout] 
[INFO] [stdout] error[E0432]: unresolved import `time::Timespec`
[INFO] [stdout]   --> src/tcp/connector.rs:12:5
[INFO] [stdout]    |
[INFO] [stdout] 12 | use time::Timespec;
[INFO] [stdout]    |     ^^^^^^^^^^^^^^ no `Timespec` in the root
[INFO] [stdout] 
[INFO] [stdout] 
[INFO] [stdout] error[E0432]: unresolved import `std::sync::atomic::AtomicUint`
[INFO] [stdout]  --> src/queue.rs:4:5
[INFO] [stdout]   |
[INFO] [stdout] 4 | use std::sync::atomic::AtomicUint;
[INFO] [stdout]   |     ^^^^^^^^^^^^^^^^^^^----------
[INFO] [stdout]   |     |                  |
[INFO] [stdout]   |     |                  help: a similar name exists in the module: `AtomicU8`
[INFO] [stdout]   |     no `AtomicUint` in `sync::atomic`
[INFO] [stdout] 
[INFO] [stdout] 
[INFO] [stdout] error[E0432]: unresolved import `std::sync::atomic::AtomicInt`
[INFO] [stdout]  --> src/queue.rs:5:5
[INFO] [stdout]   |
[INFO] [stdout] 5 | use std::sync::atomic::AtomicInt;
[INFO] [stdout]   |     ^^^^^^^^^^^^^^^^^^^---------
[INFO] [stdout]   |     |                  |
[INFO] [stdout]   |     |                  help: a similar name exists in the module: `AtomicI8`
[INFO] [stdout]   |     no `AtomicInt` in `sync::atomic`
[INFO] [stdout] 
[INFO] [stdout] 
[INFO] [stdout] error[E0432]: unresolved import `std::intrinsics::copy_memory`
[INFO] [stdout]   --> src/queue.rs:11:5
[INFO] [stdout]    |
[INFO] [stdout] 11 | use std::intrinsics::copy_memory;
[INFO] [stdout]    |     ^^^^^^^^^^^^^^^^^^^^^^^^^^^^ no `copy_memory` in `intrinsics`
[INFO] [stdout] 
[INFO] [stdout] 
[INFO] [stdout] error[E0432]: unresolved import `std::rt::heap`
[INFO] [stdout]   --> src/queue.rs:12:14
[INFO] [stdout]    |
[INFO] [stdout] 12 | use std::rt::heap::deallocate;
[INFO] [stdout]    |              ^^^^ could not find `heap` in `rt`
[INFO] [stdout] 
[INFO] [stdout] 
[INFO] [stdout] error[E0432]: unresolved import `std::rt::heap`
[INFO] [stdout]   --> src/queue.rs:13:14
[INFO] [stdout]    |
[INFO] [stdout] 13 | use std::rt::heap::allocate;
[INFO] [stdout]    |              ^^^^ could not find `heap` in `rt`
[INFO] [stdout] 
[INFO] [stdout] 
[INFO] [stdout] error[E0432]: unresolved imports `std::ptr::zero_memory`, `Duration`
[INFO] [stdout]   --> src/tcp/mod.rs:20:5
[INFO] [stdout]    |
[INFO] [stdout] 20 | use Duration;
[INFO] [stdout]    |     ^^^^^^^^
[INFO] [stdout]    | 
[INFO] [stdout]   ::: src/queue.rs:17:5
[INFO] [stdout]    |
[INFO] [stdout] 17 | use std::ptr::zero_memory;
[INFO] [stdout]    |     ^^^^^^^^^^^^^^^^^^^^^ no `zero_memory` in `ptr`
[INFO] [stdout] 
[INFO] [stdout] 
[INFO] [stdout] error: cannot find attribute `unsafe_destructor` in this scope
[INFO] [stdout]   --> src/queue.rs:28:3
[INFO] [stdout]    |
[INFO] [stdout] 28 | #[unsafe_destructor]
[INFO] [stdout]    |   ^^^^^^^^^^^^^^^^^
[INFO] [stdout] 
[INFO] [stdout] 
[INFO] [stdout] error: cannot find attribute `unsafe_destructor` in this scope
[INFO] [stdout]    --> src/queue.rs:105:3
[INFO] [stdout]     |
[INFO] [stdout] 105 | #[unsafe_destructor]
[INFO] [stdout]     |   ^^^^^^^^^^^^^^^^^
[INFO] [stdout] 
[INFO] [stdout] 
[INFO] [stdout] error: cannot find attribute `unsafe_destructor` in this scope
[INFO] [stdout]    --> src/queue.rs:248:3
[INFO] [stdout]     |
[INFO] [stdout] 248 | #[unsafe_destructor]
[INFO] [stdout]     |   ^^^^^^^^^^^^^^^^^
[INFO] [stdout] 
[INFO] [stdout] 
[INFO] [stdout] error[E0425]: cannot find function `range` in this scope
[INFO] [stdout]    --> src/net.rs:279:18
[INFO] [stdout]     |
[INFO] [stdout] 279 |         for i in range(0us, endpoints.len()) {
[INFO] [stdout]     |                  ^^^^^ not found in this scope
[INFO] [stdout]     |
[INFO] [stdout] help: consider importing this function
[INFO] [stdout]     |
[INFO] [stdout] 15  | use net::core::slice::range;
[INFO] [stdout]     |
[INFO] [stdout] 
[INFO] [stdout] 
[INFO] [stdout] error[E0425]: cannot find function `range` in this scope
[INFO] [stdout]   --> src/rawmessage.rs:35:18
[INFO] [stdout]    |
[INFO] [stdout] 35 |         for i in range(0, size_of::<T>()) {
[INFO] [stdout]    |                  ^^^^^ not found in this scope
[INFO] [stdout]    |
[INFO] [stdout] help: consider importing this function
[INFO] [stdout]    |
[INFO] [stdout] 1  | use std::slice::range;
[INFO] [stdout]    |
[INFO] [stdout] 
[INFO] [stdout] 
[INFO] [stdout] error[E0422]: cannot find struct, variant or union type `Slice` in module `raw`
[INFO] [stdout]    --> src/rawmessage.rs:235:28
[INFO] [stdout]     |
[INFO] [stdout] 235 |             transmute(raw::Slice { data: i.buf as *const u8, len: i.len })
[INFO] [stdout]     |                            ^^^^^ not found in `raw`
[INFO] [stdout] 
[INFO] [stdout] 
[INFO] [stdout] error[E0422]: cannot find struct, variant or union type `Slice` in module `raw`
[INFO] [stdout]    --> src/rawmessage.rs:243:28
[INFO] [stdout]     |
[INFO] [stdout] 243 |             transmute(raw::Slice { data: i.buf as *const u8, len: i.len })
[INFO] [stdout]     |                            ^^^^^ not found in `raw`
[INFO] [stdout] 
[INFO] [stdout] 
[INFO] [stdout] error[E0412]: cannot find type `TcpAcceptor` in this scope
[INFO] [stdout]   --> src/tcp/listener.rs:32:32
[INFO] [stdout]    |
[INFO] [stdout] 26 | pub struct Internal {
[INFO] [stdout]    |                    - help: you might be missing a type parameter: `<TcpAcceptor>`
[INFO] [stdout] ...
[INFO] [stdout] 32 |     acceptor:           Option<TcpAcceptor>,
[INFO] [stdout]    |                                ^^^^^^^^^^^ not found in this scope
[INFO] [stdout] 
[INFO] [stdout] 
[INFO] [stdout] error[E0412]: cannot find type `TcpAcceptor` in this scope
[INFO] [stdout]   --> src/tcp/listener.rs:67:46
[INFO] [stdout]    |
[INFO] [stdout] 51 | impl TcpBridgeListener {
[INFO] [stdout]    |     - help: you might be missing a type parameter: `<TcpAcceptor>`
[INFO] [stdout] ...
[INFO] [stdout] 67 |     pub fn setacceptor(&mut self, op: Option<TcpAcceptor>) {
[INFO] [stdout]    |                                              ^^^^^^^^^^^ not found in this scope
[INFO] [stdout] 
[INFO] [stdout] 
[INFO] [stdout] error[E0425]: cannot find function `range` in this scope
[INFO] [stdout]   --> src/queue.rs:31:20
[INFO] [stdout]    |
[INFO] [stdout] 31 |         for pos in range(0us, self.mask + 1) {
[INFO] [stdout]    |                    ^^^^^ not found in this scope
[INFO] [stdout]    |
[INFO] [stdout] help: consider importing this function
[INFO] [stdout]    |
[INFO] [stdout] 1  | use std::slice::range;
[INFO] [stdout]    |
[INFO] [stdout] 
[INFO] [stdout] 
[INFO] [stdout] error[E0425]: cannot find function `range` in this scope
[INFO] [stdout]   --> src/queue.rs:49:20
[INFO] [stdout]    |
[INFO] [stdout] 49 |         for pos in range(0us, count) { 
[INFO] [stdout]    |                    ^^^^^ not found in this scope
[INFO] [stdout]    |
[INFO] [stdout] help: consider importing this function
[INFO] [stdout]    |
[INFO] [stdout] 1  | use std::slice::range;
[INFO] [stdout]    |
[INFO] [stdout] 
[INFO] [stdout] 
[INFO] [stdout] error[E0425]: cannot find function `range` in this scope
[INFO] [stdout]    --> src/queue.rs:126:20
[INFO] [stdout]     |
[INFO] [stdout] 126 |         for pos in range(0us, mask + 1) {
[INFO] [stdout]     |                    ^^^^^ not found in this scope
[INFO] [stdout]     |
[INFO] [stdout] help: consider importing this function
[INFO] [stdout]     |
[INFO] [stdout] 1   | use std::slice::range;
[INFO] [stdout]     |
[INFO] [stdout] 
[INFO] [stdout] 
[INFO] [stdout] error[E0603]: module `stdio` is private
[INFO] [stdout]    --> src/queue.rs:20:14
[INFO] [stdout]     |
[INFO] [stdout] 20  | use std::io::stdio::stdout_raw;
[INFO] [stdout]     |              ^^^^^ private module
[INFO] [stdout]     |
[INFO] [stdout] note: the module `stdio` is defined here
[INFO] [stdout] 
[INFO] [stdout] 
[INFO] [stdout] error[E0658]: use of unstable library feature 'test'
[INFO] [stdout]   --> src/lib.rs:41:1
[INFO] [stdout]    |
[INFO] [stdout] 41 | extern crate test;
[INFO] [stdout]    | ^^^^^^^^^^^^^^^^^^
[INFO] [stdout]    |
[INFO] [stdout]    = note: see issue #50297 <https://github.com/rust-lang/rust/issues/50297> for more information
[INFO] [stdout]    = help: add `#![feature(test)]` to the crate attributes to enable
[INFO] [stdout] 
[INFO] [stdout] 
[INFO] [stdout] error[E0658]: use of unstable library feature 'raw'
[INFO] [stdout]   --> src/rawmessage.rs:10:5
[INFO] [stdout]    |
[INFO] [stdout] 10 | use std::raw;
[INFO] [stdout]    |     ^^^^^^^^
[INFO] [stdout]    |
[INFO] [stdout]    = note: see issue #27751 <https://github.com/rust-lang/rust/issues/27751> for more information
[INFO] [stdout]    = help: add `#![feature(raw)]` to the crate attributes to enable
[INFO] [stdout] 
[INFO] [stdout] 
[INFO] [stdout] error[E0277]: the trait bound `IoErrorCode: Clone` is not satisfied
[INFO] [stdout]    --> src/endpoint.rs:54:6
[INFO] [stdout]     |
[INFO] [stdout] 54  | impl Copy for IoErrorCode { }
[INFO] [stdout]     |      ^^^^ the trait `Clone` is not implemented for `IoErrorCode`
[INFO] [stdout] 
[INFO] [stdout] 
[INFO] [stdout] error[E0277]: the trait bound `IoError: Clone` is not satisfied
[INFO] [stdout]    --> src/endpoint.rs:62:6
[INFO] [stdout]     |
[INFO] [stdout] 62  | impl Copy for IoError { }
[INFO] [stdout]     |      ^^^^ the trait `Clone` is not implemented for `IoError`
[INFO] [stdout] 
[INFO] [stdout] 
[INFO] [stdout] error: aborting due to 63 previous errors; 1 warning emitted
[INFO] [stdout] 
[INFO] [stdout] 
[INFO] [stdout] Some errors have detailed explanations: E0277, E0412, E0422, E0425, E0432, E0433, E0603, E0658.
[INFO] [stdout] 
[INFO] [stdout] For more information about an error, try `rustc --explain E0277`.
[INFO] [stdout] 
[INFO] [stderr] error: could not compile `water`
[INFO] [stderr] 
[INFO] [stderr] To learn more, run the command again with --verbose.
[INFO] [stderr] warning: build failed, waiting for other jobs to finish...
[INFO] [stderr] error: build failed
[INFO] running `Command { std: "docker" "inspect" "8d34169a0928813460e402ac46c6444d7b7bcdc127f1ccab4c78ac6e736fb4a9", kill_on_drop: false }`
[INFO] running `Command { std: "docker" "rm" "-f" "8d34169a0928813460e402ac46c6444d7b7bcdc127f1ccab4c78ac6e736fb4a9", kill_on_drop: false }`
[INFO] [stdout] 8d34169a0928813460e402ac46c6444d7b7bcdc127f1ccab4c78ac6e736fb4a9
